-m - 4*k + 14. List the prime factors of (-70)/3*m/(-15).
2, 7
Let h(l) = 21*l - 100 - 5*l + 67. What are the prime factors of h(10)?
127
Let h(o) = -7*o + 28. Let r be h(4). Suppose r = -6*s + 27 + 243. What are the prime factors of s?
3, 5
Let c be (39/2)/(3/(-4)). Let a = 67 - 65. List the prime factors of a/(((-10)/c)/5).
2, 13
Let g be -1*(-33 + (-1 - -1)). Let c be ((-5)/10)/((-2)/(-72)). Let o = c + g. What are the prime factors of o?
3, 5
Let i = -1234 + 1962. Let p be 5/15 - i/(-12). Suppose 6*l - p = -r + l, 2*r - 2*l = 110. List the prime factors of r.
2, 7
Let i(g) = -111*g + 58. List the prime factors of i(-8).
2, 11, 43
Let r(p) = 5*p**2 + 4*p - 3. Let s be r(1). Let l be s + (-6)/(4 + -2). Suppose 332 = l*m + m. List the prime factors of m.
83
Let a = -68 + 97. Let k = 0 - -6. Let r = k + a. List the prime factors of r.
5, 7
Let v(y) = -814*y - 233. What are the prime factors of v(-3)?
47
Suppose 25*i - 5925 = 10*i. What are the prime factors of i?
5, 79
Let q be (-60)/(-14) - (-12)/(-42). Suppose -351 = -q*k + 81. List the prime factors of k.
2, 3
Let i(g) = 2*g**2 - g - 9. Let p be i(5). Suppose 33*y - p*y = -246. List the prime factors of y.
2, 41
Let h = 12 + -10. Let v be 1*h + 2 + -10. List the prime factors of 3/2 - 147/v.
2, 13
Let u = 642 - -643. What are the prime factors of u?
5, 257
What are the prime factors of 4 - (3 + -1767 + 0/(-8))?
2, 13, 17
Let w = -31 + 35. Let b = 44 - w. What are the prime factors of b?
2, 5
Let x be (2/(-4))/((-13)/(-286)). Let n = 34 + x. List the prime factors of n.
23
Let n(i) = 140*i**2 - 18*i + 126. List the prime factors of n(6).
2, 3, 281
Let m = -112 - -297. Suppose 0*n - m = -5*n. Suppose 5*d - 250 = 4*z, -4*d + 206 - n = 3*z. List the prime factors of d.
2, 23
Let h = -16 + 20. Suppose 4*j - 12 = -f, -h*f = f. What are the prime factors of 4 + 15 - 6/j?
17
List the prime factors of 68386/93 - (-2 - 4/(-3)).
2, 23
Suppose 0*m + 2*m = 146. Suppose s = -5*u + m, 0 = 2*s - 0*u - 3*u - 94. What are the prime factors of s?
53
Suppose 0 = 3*t - 78 - 27. Suppose -33*d - 24 = -t*d. List the prime factors of d.
2, 3
Let i = -84 + 561. List the prime factors of i.
3, 53
Let m(c) = 699*c**2 - 4*c - 8. What are the prime factors of m(-2)?
2, 3, 233
What are the prime factors of ((374/51)/(-11))/(2/(-6186))?
2, 1031
Let j(t) = 39*t**2 + 18*t + 155. List the prime factors of j(-6).
1451
Let b = 1454 - 840. List the prime factors of b.
2, 307
List the prime factors of ((-153)/(-5))/(15/75).
3, 17
Let s(a) = -1225*a - 68. List the prime factors of s(-3).
3607
Suppose -5*t + 4*t = -50. What are the prime factors of (-308)/(-70) - 5/(t/4)?
2
Let x(w) = w**3 + 5*w**2 - 5*w - 4. Let d be x(-5). Let l be 16/12*(29/4 - 5). Suppose l*y - 78 - d = 0. What are the prime factors of y?
3, 11
Suppose -62 = -5*p + 43. Suppose -p*x = -17*x - 144. What are the prime factors of x?
2, 3
Let y be (-3)/2*(-8)/6. Let j = 3 - y. Suppose z = -4*o - 8 + j, o + 13 = z. List the prime factors of z.
3
Let a(x) = -4*x**2 + 5*x - 3*x**2 + 6*x**2 - 4. Let s be a(3). Suppose -s*v - 10 = -0, 36 = 3*d - 3*v. List the prime factors of d.
7
Let r be (-2 - -1)*(4 + 180). Let w be r/(-30) + (-16)/120. Suppose -b = -2*b + w. List the prime factors of b.
2, 3
Suppose -4*w + 266 = p, 3*p = -3*w - 0*w + 771. List the prime factors of p.
2, 127
Suppose 17*a - 64543 = -26*a. What are the prime factors of a?
19, 79
Suppose 3*s - s = -3*n + 5, 3*s - n - 24 = 0. Suppose 5*d = -4*y + s, 0 = -0*y - y - 5*d + 13. List the prime factors of -74*((-3)/y)/(-3).
37
Suppose -7*t = -4294 - 550. What are the prime factors of t?
2, 173
Suppose -45*d + q = -50*d + 5999, 2*q = -4*d + 4798. What are the prime factors of d?
2, 3, 5
Suppose -801 = -220*v + 219*v. What are the prime factors of v?
3, 89
Suppose 3*w - w - 5*r + 20 = 0, 0 = -2*w - 4*r + 16. Suppose w = 2*b - 3 + 27. List the prime factors of 8/b*297/(-6).
3, 11
What are the prime factors of (-39)/6 - -6 - (-3905)/2?
2, 61
Let t(y) = 9*y**3 + 55*y**2 + 38*y - 57. Let h(r) = 5*r**3 + 28*r**2 + 19*r - 29. Let s(c) = 11*h(c) - 6*t(c). What are the prime factors of s(23)?
5, 23
Let a = 239 + -360. Let m = -54 - a. What are the prime factors of m?
67
Let d(s) = 2*s - 4 + 20 + 6. Let q be d(-10). Suppose -n - 4*p = -22, p + q*p - 6 = 0. What are the prime factors of n?
2, 7
Suppose 2*m + 0*x - x - 3081 = 0, -2*m = 5*x - 3051. What are the prime factors of m?
2, 769
List the prime factors of (1 - -151) + 0 + 6/(-6).
151
Suppose 7698 = 4*b - 2*i, -2888 + 10577 = 4*b - 5*i. What are the prime factors of b?
2, 3, 107
Let o(c) = c**2 + 1. Let d(m) = m**3 - 7*m**2 - 3*m - 1. Let y(x) = d(x) + 6*o(x). Let p be y(2). Suppose -p*v = -v - 82. List the prime factors of v.
41
Suppose t = 3, 2*r = -4*t + 15 + 3. What are the prime factors of -4 - (r + -3 + -60)?
2, 7
Suppose 0 = -r - r - a + 51, 0 = -r + a + 27. Let y be 6 + -2 + 2 + -4. Suppose y*j + 0 = r. List the prime factors of j.
13
Let j(n) be the second derivative of 7/2*n**2 + 1/3*n**3 + 0 - n. What are the prime factors of j(7)?
3, 7
Let a(r) = r**3 - 5*r**2 + 7*r + 5. Suppose q - 8 = -5*f + 2*q, 2*f + 4*q = 12. Suppose 0 = -x + g + 2 + f, -2*x = 2*g - 8. List the prime factors of a(x).
17
Suppose -14*z = 8*z - 6160. What are the prime factors of z?
2, 5, 7
Let l(r) = 339*r**2 - 222*r + 674. What are the prime factors of l(3)?
7, 19, 23
Suppose 0 = 2*t - g - 44, -2*t = t + 2*g - 73. Suppose -3*k = -2*k - t. List the prime factors of k.
23
Let v(y) = y + 1. Let g(r) = 7*r + 9. Let p(n) = g(n) - 6*v(n). Let o be p(2). Suppose 4*l + h - 140 = 0, l + o*h - 14 = 2. What are the prime factors of l?
2, 3
Let c(k) = 70*k + 22. Let p(i) = 35*i + 10. Let b(r) = 6*c(r) - 13*p(r). What are the prime factors of b(-6)?
2, 53
Let r(h) = 2*h**3 - 2*h**2 + h + 1. Let i be 3 - (1 - (-5)/5). Let z be r(i). Suppose -z*a + 0*a = -56. List the prime factors of a.
2, 7
Let j(o) = -o**2 - 6*o - 7. Let h be j(-3). Suppose 405 = 2*u + 3*u + 3*m, u + h*m = 81. List the prime factors of u.
3
Let j be -1*129 + (-5 - -8) + -2. Let a = -33 - j. What are the prime factors of a?
5, 19
Let t be 4*-21 - (-5 + 1). Let b = -26 + 28. What are the prime factors of b*-2 - t/1?
2, 19
Let v be ((-1)/(-4))/(4/32). Let a be v/(1/(-4)*-2). Suppose 9 = -i - 4*f + 45, 132 = a*i + 4*f. List the prime factors of i.
2
Let s = -75 - -116. Suppose 4*w + 82 + 34 = 4*x, 0 = -x + 4*w + s. What are the prime factors of x?
5
Suppose 3*l - 3*i = -i + 9, -2*l + 1 = -3*i. Suppose 0*n - 33 = n - 3*h, 0 = -3*n - l*h - 85. List the prime factors of (2/5)/((-2)/n).
2, 3
Let m(f) = -f**3 - 38*f**2 + 34*f + 50. What are the prime factors of m(-39)?
5, 7
Suppose -2*n - 64 = -p, -p - 3*n = -0*p - 54. Suppose -2*h = -h + 3*l - p, -h - l + 52 = 0. List the prime factors of h.
2, 3
Suppose 22*n = 25*n - 9. What are the prime factors of (-2)/3 + n/(-9) - -69?
2, 17
Let u(i) = i**3 - 6*i**2 + 3*i - 6. Let t be u(6). Let o = t - 24. What are the prime factors of 74/(-3)*o/8?
37
Let u(h) = 4*h**2 + 35*h + 11. What are the prime factors of u(6)?
5, 73
Let p = -6485 + 9922. List the prime factors of p.
7, 491
Let s(r) = 11*r - 30. Let f be s(3). Let q(y) = 104*y - 25. What are the prime factors of q(f)?
7, 41
Let x(v) = -v + 11. Let j be x(6). Let b(o) = -j*o + 6 - 2*o + 8*o. What are the prime factors of b(0)?
2, 3
Let h = -13 - -10. Let z = 7 + h. Suppose -t + 5 = 0, -z*w = -3*w + 4*t - 53. What are the prime factors of w?
3, 11
Suppose 1760 = 523*s - 518*s. What are the prime factors of s?
2, 11
Let f be (-3 - -4 - -2)*5/3. Suppose 0 = n + f - 0, h - 4*n - 106 = 0. What are the prime factors of h?
2, 43
List the prime factors of (-8864)/(-6) + ((-6)/9)/(-1).
2, 739
Suppose -13*c = -11*c. Suppose d - 2*s - 4 = c, -2 + 0 = 2*s. What are the prime factors of -3 - (-63 + 3)/d?
3
Suppose -4 = 4*y + 12. Let s = y - -9. Suppose 0*q + q + 53 = s*x, 5*q = x - 1. List the prime factors of x.
11
Let l(t) = -6*t - 4. Let u(b) be the second derivative of -17*b**3/6 - 13*b**2/2 - b. Let h(z) = -11*l(z) + 4*u(z). What are the prime factors of h(-6)?
2
Let w(n) = -2*n - 4*n**2 - n**3 + 0*n - 6 - 2*n**2. List the prime factors of w(-6).
2, 3
Let p(l) = 0*l - 5 + 2*l + l - 5*l. Let k be p(-4). Suppose -k*c = -c - 98. What are the prime fa